ed by i?
0
Calculate the remainder when 6 - ((-5195)/20 + (-4)/16) is divided by 27.
23
Suppose -2*g = -3 - 5. Suppose -g*q - 3*r + 71 = 0, q - 2*r + 4*r - 24 = 0. Let d = 156 - 104. Calculate the remainder when d is divided by q.
10
Let u(v) = -v**3 + 6*v**2 + v - 10. Suppose 0 = 10*o - 13*o + 15. Let w be u(o). Suppose -2*n + n + w = 0. Calculate the remainder when n is divided by 11.
9
Let d be (-108)/90*(-5)/2. Suppose -29 + 11 = d*m. Let z(i) = 2*i**2 + 5*i + 5. What is the remainder when z(m) is divided by 16?
15
Let x(h) = 3*h**2 + 4*h + 3. Calculate the remainder when x(-5) is divided by ((-10)/180*-12)/((-4)/(-186)).
27
Let l(b) = -2*b + 2 + b + 5 - 1. Let i(o) = -2*o + 3. What is the remainder when i(-3) is divided by l(3)?
0
Let d(o) = 17*o - 20. Let z be d(3). Let j = z - 14. What is the remainder when j is divided by (3/(-6))/(2/(-36))?
8
Let w = 388 + -359. What is the remainder when 229 is divided by w?
26
Let y(f) be the third derivative of -f**4/12 - 3*f**3/2 - 5*f**2. Let u be y(-6). Let r(g) = 2*g**2 + 3. Calculate the remainder when 83 is divided by r(u).
20
Let c(x) = 172*x - 656. Let y(n) = 94*n**2 - n + 1. What is the remainder when y(1) is divided by c(4)?
30
Let b(a) = a**2 + 3*a + 382. Calculate the remainder when b(0) is divided by 24.
22
Suppose -f + 16 = -5*p, 0 = -2*p + 4*f - 7 - 3. Let t = 105 + p. Calculate the remainder when t is divided by 26.
24
Suppose 10*d - 15*d = -4*b + 73, -19 = -b + d. What is the remainder when 151 is divided by b?
19
Suppose 7*c - c - 12 = 0. Calculate the remainder when (3 + -5)*c*-1 - -67 is divided by 15.
11
Suppose -98*x = -93*x - 490. What is the remainder when x is divided by 52?
46
Suppose 3*o = o + x + 6, -18 = -2*o - 5*x. Suppose -o*n + 40 + 16 = 0. Suppose -r + n = -4. Calculate the remainder when 70 is divided by r.
16
Suppose 6020 = -439*x + 654*x. What is the remainder when 105/2 + 1/(-2) is divided by x?
24
Suppose -3*o + 2*g = -152, -2*o + 153 = o - 3*g. What is the remainder when 98 is divided by o?
48
Suppose 5*j = 10*j - 1525. Suppose -5*z + 5*k = -j, z = -3*z + k + 253. Let l = -17 + z. What is the remainder when l is divided by 12?
11
Suppose -168 + 0 = -6*s. Suppose -s = 12*g - 16*g. What is the remainder when g is divided by 5?
2
Let j be (-5 - -8)*(-8)/6. Let v be j - (-11)/(44/24). Suppose -2*p - 2*p + 12 = -g, -v*g - 4 = -4*p. What is the remainder when 13 is divided by g?
5
Let x(j) be the first derivative of 2*j**3/3 - j**2 - j - 7. Calculate the remainder when 10 is divided by x(2).
1
Let f be 4/(3/(-18)*-4). Suppose -n = -9 - f. Let r(t) = -t - 2. Calculate the remainder when n is divided by r(-11).
6
Suppose p = 3*p - 52. Let c = -141 - -186. Calculate the remainder when c is divided by p.
19
Suppose 25*g = 42*g - 1768. What is the remainder when g is divided by 56?
48
Let d = 606 - 487. Calculate the remainder when d is divided by 10.
9
What is the remainder when 1263 is divided by ((-5)/30)/((-18)/8532)?
78
Let k = -106 - -109. Suppose -4*m + 38 = 2*o, -k*o + 2*m - 34 = -5*o. Suppose 0 = v - 5 - 4. What is the remainder when o is divided by v?
6
Let a = 74 - 68. Let x(r) = r**2 + 3*r + 7. Calculate the remainder when x(-8) is divided by a.
5
Let y = -307 - -438. Calculate the remainder when y is divided by 22.
21
Let o = 60 - 44. Suppose -3*c + 5*s + 57 = 0, -4*c + 81 = -3*s + o. What is the remainder when 35 is divided by c?
7
Let a(t) = t**2 + t + 430. What is the remainder when a(0) is divided by 27?
25
Suppose 0 = 3*l - 3*u - 45, -3*u + 18 = 3*l - 27. What is the remainder when 40 is divided by l?
10
Let z = -173 - -183. Calculate the remainder when 54 is divided by z.
4
Let f be 2 - (1 - 6/4)*4. Suppose -2*a + 157 + 105 = f*v, 328 = 5*v + 2*a. What is the remainder when v is divided by 23?
20
Suppose -z + 3 + 18 = -4*n, n = -4. Calculate the remainder when (-6)/(-4)*(-110)/(-15) is divided by z.
1
Suppose 2*u - 4*k - 378 = 0, -4*u + 2*k = -2*k - 736. Calculate the remainder when u is divided by (-72)/(-3) - (2 + -4).
23
Suppose -5*t + 16 = -14. Let b = 11 - t. Calculate the remainder when 23 is divided by b.
3
Suppose i + 21 = -5*x, 3*i = 5*i - 2*x - 18. Suppose 3*z + 4*n = 164, 3*z + n = 145 + 13. What is the remainder when 1 is divided by -3*(i - z/12)?
0
Suppose 0 = 2*j + 14*j - 624. What is the remainder when 63 is divided by j?
24
What is the remainder when ((-6)/7)/((-30)/210) is divided by 3?
0
Let z(g) = 5*g + 157. What is the remainder when z(16) is divided by 7?
6
Suppose 5*h - 34 - 79 = 4*b, -4*h + 94 = -2*b. Calculate the remainder when 134 is divided by h.
9
Suppose 52 = 17*c - 0*c - 4*b, 0 = -5*c - 4*b + 36. Suppose 3*v - 5*l = 25 + 28, 5*l + 20 = 0. Calculate the remainder when v is divided by c.
3
Let c(f) = 2*f - 175 - 2*f + 6*f**2 + 176. What is the remainder when 33 is divided by c(1)?
5
Let h = 922 - 751. Calculate the remainder when 179 is divided by h.
8
What is the remainder when 108 is divided by 4/(5/50*(-16)/(-20))?
8
Let q = 49 - 1. Suppose k + 4*d + q = 5*k, 4*d + 57 = 5*k. Calculate the remainder when k is divided by 3.
0
Suppose -17*s + 810 = -7*s. Suppose -115 = -5*t + 5*d, 5*t + 5*d - 206 = -s. Calculate the remainder when 70 is divided by t.
22
Let s(f) = f**3 - 35*f**2 - 37*f + 51. What is the remainder when s(36) is divided by 1?
0
Let u = -3 - -5. Suppose 2*l - 79 = 3*r - 388, -2*r - u*l = -206. What is the remainder when r is divided by 13?
12
Suppose u - 16 = 5*u - 3*g, -3*u - 5*g = 41. Let o(y) = y**3 + 9*y**2 + 9*y + 6. What is the remainder when o(u) is divided by 6?
5
Let g(t) = t**2 - 8*t + 13. Let x be g(6). Let u be x*-1 + (25 - 12). Suppose -u*d + 7*d + 90 = 0. Calculate the remainder when 53 is divided by d.
17
Let v = -44 + 50. Calculate the remainder when 5*(2/v - 2674/(-105)) is divided by 19.
15
Let z(x) = -x**2 + 4*x + 7. Let r be z(5). Let b be (-3 - -1 - -4)*r. Suppose 7 = 3*a - 2*l - 32, 0 = -b*l. What is the remainder when 23 is divided by a?
10
Suppose 215 = 2*l + 3*l. Let f(k) = -k**2 + 56*k - 746. What is the remainder when l is divided by f(32)?
21
Suppose 85*v - 3694 = 1916. What is the remainder when v is divided by 35?
31
Let i(r) = r**3 - 7*r**2 + 8*r - 12. Let o(d) = d**2 - 12*d + 6. Let n be o(12). Let j be i(n). What is the remainder when 26 is divided by 0/4 + j + 9?
8
Let r = -599 - -697. Calculate the remainder when 780 is divided by r.
94
Suppose 4*j - 110 = -j. Let y = 32 - 27. Suppose m - y = 1. Calculate the remainder when j is divided by m.
4
Let v be ((-10)/(-6))/((-1)/(-3)). Suppose -2*g = z - 25, g + v*z - 2*z = 0. What is the remainder when (246/8)/((-108)/(-144)) is divided by g?
11
Suppose -5*y = 18 - 13, -h + 87 = 3*y. Calculate the remainder when 716 is divided by h.
86
Let l(s) = -s**2 - 2*s - 11. Let b be l(5). What is the remainder when (-6)/4*b - -4 is divided by 25?
23
Let l(z) = z + 4. Let u be l(-2). Suppose -5*i - 5*b + 30 = 0, 7*i - u*i = 4*b + 21. Let r = -11 - -20. Calculate the remainder when r is divided by i.
4
Let r = -66 + 81. Suppose r + 33 = 3*y. Calculate the remainder when 60 is divided by y.
12
Let h(s) = -s**3 - 5*s**2 + 8*s + 4. Suppose 2*o + 19 = 5. Suppose 5*k - 4*z = 124, -3*k + 5*z + 125 = 2*k. Calculate the remainder when h(o) is divided by k.
22
Let t(d) = d**3 + 18*d**2 + 3*d + 36. Let p be t(-15). Suppose -5*y - 116 = -p. Calculate the remainder when y is divided by 38.
34
Let z be 1/(-3) - (-24)/(-9). Let d be z/(-5) + 24/10. Suppose 3*y - 72 = -d*f, f + 81 = 2*y + 2*y. What is the remainder when y is divided by 12?
9
Calculate the remainder when 31 is divided by (-2)/(-6) + (-276)/(-36).
7
Let t(f) = 49*f + 35. Calculate the remainder when t(4) is divided by 39.
36
Let u = 984 + -965. What is the remainder when 30 is divided by u?
11
Suppose m - 182 = -4*c + 4*m, 2*c + 3*m = 100. Calculate the remainder when 90 is divided by c.
43
Let s = 56 + -62. Let o = 15 + s. What is the remainder when 14 is divided by o?
5
Let a(i) = -40*i + 437. What is the remainder when a(-20) is divided by 17?
13
Let i(b) = -b**3 - 25*b**2 - 163*b - 7. What is the remainder when i(-10) is divided by 33?
24
Let v(s) = s + 37. Calculate the remainder when 127 is divided by v(-15).
17
Let f = 1378 - 933. Calculate the remainder when f is divided by 30.
25
